{"id":144,"date":"2023-10-03T22:03:33","date_gmt":"2023-10-04T01:03:33","guid":{"rendered":"https:\/\/encontrocomcristo.com.br\/pe_alberto_45anos\/?page_id=144"},"modified":"2023-10-03T22:33:38","modified_gmt":"2023-10-04T01:33:38","slug":"como-chegar","status":"publish","type":"page","link":"https:\/\/encontrocomcristo.com.br\/pe_alberto_45anos\/como-chegar\/","title":{"rendered":"Como Chegar"},"content":{"rendered":"\t\t<div data-elementor-type=\"wp-page\" data-elementor-id=\"144\" class=\"elementor elementor-144\" data-elementor-post-type=\"page\">\n\t\t\t\t\t\t\t<div class=\"elementor-element elementor-element-7303f85 e-flex e-con-boxed e-con e-parent\" data-id=\"7303f85\" data-element_type=\"container\" data-settings=\"{&quot;content_width&quot;:&quot;boxed&quot;}\" data-core-v316-plus=\"true\">\n\t\t\t\t\t<div class=\"e-con-inner\">\n\t\t\t\t<div class=\"elementor-element elementor-element-a967a98 elementor-widget elementor-widget-heading\" data-id=\"a967a98\" data-element_type=\"widget\" data-widget_type=\"heading.default\">\n\t\t\t\t<div class=\"elementor-widget-container\">\n\t\t\t<style>\/*! elementor - v3.16.0 - 20-09-2023 *\/\n.elementor-heading-title{padding:0;margin:0;line-height:1}.elementor-widget-heading .elementor-heading-title[class*=elementor-size-]>a{color:inherit;font-size:inherit;line-height:inherit}.elementor-widget-heading .elementor-heading-title.elementor-size-small{font-size:15px}.elementor-widget-heading .elementor-heading-title.elementor-size-medium{font-size:19px}.elementor-widget-heading .elementor-heading-title.elementor-size-large{font-size:29px}.elementor-widget-heading .elementor-heading-title.elementor-size-xl{font-size:39px}.elementor-widget-heading .elementor-heading-title.elementor-size-xxl{font-size:59px}<\/style><h2 class=\"elementor-heading-title elementor-size-default\">Como Chegar <\/h2>\t\t<\/div>\n\t\t\t\t<\/div>\n\t\t\t\t\t<\/div>\n\t\t\t\t<\/div>\n\t\t<div class=\"elementor-element elementor-element-10ed140 e-flex e-con-boxed e-con e-parent\" data-id=\"10ed140\" data-element_type=\"container\" data-settings=\"{&quot;content_width&quot;:&quot;boxed&quot;}\" data-core-v316-plus=\"true\">\n\t\t\t\t\t<div class=\"e-con-inner\">\n\t\t<div class=\"elementor-element elementor-element-cda1816 e-con-full e-flex e-con e-child\" data-id=\"cda1816\" data-element_type=\"container\" data-settings=\"{&quot;content_width&quot;:&quot;full&quot;}\">\n\t\t<div class=\"elementor-element elementor-element-14c4561 e-flex e-con-boxed e-con e-child\" data-id=\"14c4561\" data-element_type=\"container\" data-settings=\"{&quot;background_background&quot;:&quot;classic&quot;,&quot;content_width&quot;:&quot;boxed&quot;}\">\n\t\t\t\t\t<div class=\"e-con-inner\">\n\t\t\t\t<div class=\"elementor-element elementor-element-235490c elementor-widget elementor-widget-heading\" data-id=\"235490c\" data-element_type=\"widget\" data-widget_type=\"heading.default\">\n\t\t\t\t<div class=\"elementor-widget-container\">\n\t\t\t<h2 class=\"elementor-heading-title elementor-size-default\">Endere\u00e7o<\/h2>\t\t<\/div>\n\t\t\t\t<\/div>\n\t\t\t\t<div class=\"elementor-element elementor-element-d02d4f4 elementor-widget elementor-widget-text-editor\" data-id=\"d02d4f4\" data-element_type=\"widget\" data-widget_type=\"text-editor.default\">\n\t\t\t\t<div class=\"elementor-widget-container\">\n\t\t\t<style>\/*! elementor - v3.16.0 - 20-09-2023 *\/\n.elementor-widget-text-editor.elementor-drop-cap-view-stacked .elementor-drop-cap{background-color:#69727d;color:#fff}.elementor-widget-text-editor.elementor-drop-cap-view-framed .elementor-drop-cap{color:#69727d;border:3px solid;background-color:transparent}.elementor-widget-text-editor:not(.elementor-drop-cap-view-default) .elementor-drop-cap{margin-top:8px}.elementor-widget-text-editor:not(.elementor-drop-cap-view-default) .elementor-drop-cap-letter{width:1em;height:1em}.elementor-widget-text-editor .elementor-drop-cap{float:left;text-align:center;line-height:1;font-size:50px}.elementor-widget-text-editor .elementor-drop-cap-letter{display:inline-block}<\/style>\t\t\t\tAv. Dona Anila, S\/N\u00ba (Rua da Delegacia)\nBairro Olaria \u2013 Itapecerica da Serra \u2013 SP\t\t\t\t\t\t<\/div>\n\t\t\t\t<\/div>\n\t\t\t\t<div class=\"elementor-element elementor-element-bde13f6 elementor-widget elementor-widget-heading\" data-id=\"bde13f6\" data-element_type=\"widget\" data-widget_type=\"heading.default\">\n\t\t\t\t<div class=\"elementor-widget-container\">\n\t\t\t<h2 class=\"elementor-heading-title elementor-size-default\">Contato<\/h2>\t\t<\/div>\n\t\t\t\t<\/div>\n\t\t\t\t<div class=\"elementor-element elementor-element-5f151fc elementor-widget elementor-widget-text-editor\" data-id=\"5f151fc\" data-element_type=\"widget\" data-widget_type=\"text-editor.default\">\n\t\t\t\t<div class=\"elementor-widget-container\">\n\t\t\t\t\t\t\t(11) 4667-4353\t\t\t\t\t\t<\/div>\n\t\t\t\t<\/div>\n\t\t\t\t<div class=\"elementor-element elementor-element-eb4bf06 elementor-widget elementor-widget-heading\" data-id=\"eb4bf06\" data-element_type=\"widget\" data-widget_type=\"heading.default\">\n\t\t\t\t<div class=\"elementor-widget-container\">\n\t\t\t<h2 class=\"elementor-heading-title elementor-size-default\">Rotas de \u00d4nibus<\/h2>\t\t<\/div>\n\t\t\t\t<\/div>\n\t\t\t\t<div class=\"elementor-element elementor-element-84c43de elementor-widget elementor-widget-text-editor\" data-id=\"84c43de\" data-element_type=\"widget\" data-widget_type=\"text-editor.default\">\n\t\t\t\t<div class=\"elementor-widget-container\">\n\t\t\t\t\t\t\t<p><strong>001 \u2013 ITAPECERICA DA SERRA (PARQUE PARA\u00cdSO)<\/strong> \u2013 Saindo do METRO CAP\u00c3O REDONDO).<\/p><p><strong>032 \u2013 ITAPECERICA DA SERRA (PARQUE PARA\u00cdSO<\/strong>) \u2013 Saindo do Largo da Batata (PINHEIROS), pr\u00f3ximo do metro Faria Lima.<\/p>\t\t\t\t\t\t<\/div>\n\t\t\t\t<\/div>\n\t\t\t\t\t<\/div>\n\t\t\t\t<\/div>\n\t\t<div class=\"elementor-element elementor-element-9b3b2f1 e-flex e-con-boxed e-con e-child\" data-id=\"9b3b2f1\" data-element_type=\"container\" data-settings=\"{&quot;background_background&quot;:&quot;classic&quot;,&quot;content_width&quot;:&quot;boxed&quot;}\">\n\t\t\t\t\t<div class=\"e-con-inner\">\n\t\t\t\t<div class=\"elementor-element elementor-element-97f183f elementor-widget elementor-widget-heading\" data-id=\"97f183f\" data-element_type=\"widget\" data-widget_type=\"heading.default\">\n\t\t\t\t<div class=\"elementor-widget-container\">\n\t\t\t<h2 class=\"elementor-heading-title elementor-size-default\">Rotas de Carro<\/h2>\t\t<\/div>\n\t\t\t\t<\/div>\n\t\t\t\t<div class=\"elementor-element elementor-element-3ed4282 elementor-widget elementor-widget-text-editor\" data-id=\"3ed4282\" data-element_type=\"widget\" data-widget_type=\"text-editor.default\">\n\t\t\t\t<div class=\"elementor-widget-container\">\n\t\t\t\t\t\t\t<p><strong>Vindo pela Anhanguera, Bandeirantes ou Castelo Branco:<\/strong> Entre no Rodoanel M\u00e1rio Covas, seguindo a indica\u00e7\u00e3o BR 116 (Regis Bittencourt) \/ Itapecerica da Serra.<\/p><p><strong>Vindo pela Imigrantes \/ Anchieta:<\/strong> Entre no Rodoanel M\u00e1rio Covas, seguindo a indica\u00e7\u00e3o BR 116 (Regis Bittencourt) \/ Itapecerica da Serra.<\/p>\t\t\t\t\t\t<\/div>\n\t\t\t\t<\/div>\n\t\t\t\t<div class=\"elementor-element elementor-element-9ca6160 elementor-widget elementor-widget-text-editor\" data-id=\"9ca6160\" data-element_type=\"widget\" data-widget_type=\"text-editor.default\">\n\t\t\t\t<div class=\"elementor-widget-container\">\n\t\t\t\t\t\t\t<p><strong>Vindo por Santo Amaro:<\/strong> Avenida Jo\u00e3o Dias, continuando pela Estrada Itapecerica\/Santo Amaro.<\/p><p><strong>Vindo por Pinheiros:<\/strong> Avenida Rebou\u00e7as, continuando pela Av. Francisco Morato e entrando na BR 116 (Regis Bittencourt) seguindo a indica\u00e7\u00e3o Itapecerica da Serra.<\/p>\t\t\t\t\t\t<\/div>\n\t\t\t\t<\/div>\n\t\t\t\t\t<\/div>\n\t\t\t\t<\/div>\n\t\t\t\t<\/div>\n\t\t<div class=\"elementor-element elementor-element-a0de22f e-con-full e-flex e-con e-child\" data-id=\"a0de22f\" data-element_type=\"container\" data-settings=\"{&quot;content_width&quot;:&quot;full&quot;}\">\n\t\t\t\t<div class=\"elementor-element elementor-element-304831e elementor-widget elementor-widget-google_maps\" data-id=\"304831e\" data-element_type=\"widget\" data-widget_type=\"google_maps.default\">\n\t\t\t\t<div class=\"elementor-widget-container\">\n\t\t\t<style>\/*! elementor - v3.16.0 - 20-09-2023 *\/\n.elementor-widget-google_maps .elementor-widget-container{overflow:hidden}.elementor-widget-google_maps .elementor-custom-embed{line-height:0}.elementor-widget-google_maps iframe{height:300px}<\/style>\t\t<div class=\"elementor-custom-embed\">\n\t\t\t<iframe loading=\"lazy\"\n\t\t\t\t\tsrc=\"https:\/\/maps.google.com\/maps?q=Centro%20Educacional%20Poliesportivo%20Av%20Dona%20Anila&#038;t=m&#038;z=18&#038;output=embed&#038;iwloc=near\"\n\t\t\t\t\ttitle=\"Centro Educacional Poliesportivo Av Dona Anila\"\n\t\t\t\t\taria-label=\"Centro Educacional Poliesportivo Av Dona Anila\"\n\t\t\t><\/iframe>\n\t\t<\/div>\n\t\t\t\t<\/div>\n\t\t\t\t<\/div>\n\t\t\t\t<\/div>\n\t\t\t\t\t<\/div>\n\t\t\t\t<\/div>\n\t\t\t\t\t\t\t<\/div>\n\t\t","protected":false},"excerpt":{"rendered":"<p>Como Chegar Endere\u00e7o Av. Dona Anila, S\/N\u00ba (Rua da Delegacia) Bairro Olaria \u2013 Itapecerica da Serra \u2013 SP Contato (11) 4667-4353 Rotas de \u00d4nibus 001 \u2013 ITAPECERICA DA SERRA (PARQUE PARA\u00cdSO) \u2013 Saindo do METRO CAP\u00c3O REDONDO). 032 \u2013 ITAPECERICA DA SERRA (PARQUE PARA\u00cdSO) \u2013 Saindo do Largo da Batata (PINHEIROS), pr\u00f3ximo do metro Faria [&hellip;]<\/p>\n","protected":false},"author":1,"featured_media":0,"parent":0,"menu_order":0,"comment_status":"closed","ping_status":"closed","template":"","meta":{"footnotes":""},"class_list":["post-144","page","type-page","status-publish","hentry"],"blocksy_meta":"","_links":{"self":[{"href":"https:\/\/encontrocomcristo.com.br\/pe_alberto_45anos\/wp-json\/wp\/v2\/pages\/144","targetHints":{"allow":["GET"]}}],"collection":[{"href":"https:\/\/encontrocomcristo.com.br\/pe_alberto_45anos\/wp-json\/wp\/v2\/pages"}],"about":[{"href":"https:\/\/encontrocomcristo.com.br\/pe_alberto_45anos\/wp-json\/wp\/v2\/types\/page"}],"author":[{"embeddable":true,"href":"https:\/\/encontrocomcristo.com.br\/pe_alberto_45anos\/wp-json\/wp\/v2\/users\/1"}],"replies":[{"embeddable":true,"href":"https:\/\/encontrocomcristo.com.br\/pe_alberto_45anos\/wp-json\/wp\/v2\/comments?post=144"}],"version-history":[{"count":10,"href":"https:\/\/encontrocomcristo.com.br\/pe_alberto_45anos\/wp-json\/wp\/v2\/pages\/144\/revisions"}],"predecessor-version":[{"id":159,"href":"https:\/\/encontrocomcristo.com.br\/pe_alberto_45anos\/wp-json\/wp\/v2\/pages\/144\/revisions\/159"}],"wp:attachment":[{"href":"https:\/\/encontrocomcristo.com.br\/pe_alberto_45anos\/wp-json\/wp\/v2\/media?parent=144"}],"curies":[{"name":"wp","href":"https:\/\/api.w.org\/{rel}","templated":true}]}}

<div data-elementor-type="wp-page" data-elementor-id="144" class="elementor elementor-144" data-elementor-post-type="page">
							<div class="elementor-element elementor-element-7303f85 e-flex e-con-boxed e-con e-parent" data-id="7303f85" data-element_type="container" data-settings="{&quot;content_width&quot;:&quot;boxed&quot;}" data-core-v316-plus="true">
					<div class="e-con-inner">
				<div class="elementor-element elementor-element-a967a98 elementor-widget elementor-widget-heading" data-id="a967a98" data-element_type="widget" data-widget_type="heading.default">
				<div class="elementor-widget-container">
			<style>/*! elementor - v3.16.0 - 20-09-2023 */
.elementor-heading-title{padding:0;margin:0;line-height:1}.elementor-widget-heading .elementor-heading-title[class*=elementor-size-]>a{color:inherit;font-size:inherit;line-height:inherit}.elementor-widget-heading .elementor-heading-title.elementor-size-small{font-size:15px}.elementor-widget-heading .elementor-heading-title.elementor-size-medium{font-size:19px}.elementor-widget-heading .elementor-heading-title.elementor-size-large{font-size:29px}.elementor-widget-heading .elementor-heading-title.elementor-size-xl{font-size:39px}.elementor-widget-heading .elementor-heading-title.elementor-size-xxl{font-size:59px}</style><h2 class="elementor-heading-title elementor-size-default">Como Chegar </h2>		</div>
				</div>
					</div>
				</div>
		<div class="elementor-element elementor-element-10ed140 e-flex e-con-boxed e-con e-parent" data-id="10ed140" data-element_type="container" data-settings="{&quot;content_width&quot;:&quot;boxed&quot;}" data-core-v316-plus="true">
					<div class="e-con-inner">
		<div class="elementor-element elementor-element-cda1816 e-con-full e-flex e-con e-child" data-id="cda1816" data-element_type="container" data-settings="{&quot;content_width&quot;:&quot;full&quot;}">
		<div class="elementor-element elementor-element-14c4561 e-flex e-con-boxed e-con e-child" data-id="14c4561" data-element_type="container" data-settings="{&quot;background_background&quot;:&quot;classic&quot;,&quot;content_width&quot;:&quot;boxed&quot;}">
					<div class="e-con-inner">
				<div class="elementor-element elementor-element-235490c elementor-widget elementor-widget-heading" data-id="235490c" data-element_type="widget" data-widget_type="heading.default">
				<div class="elementor-widget-container">
			<h2 class="elementor-heading-title elementor-size-default">Endereço</h2>		</div>
				</div>
				<div class="elementor-element elementor-element-d02d4f4 elementor-widget elementor-widget-text-editor" data-id="d02d4f4" data-element_type="widget" data-widget_type="text-editor.default">
				<div class="elementor-widget-container">
			<style>/*! elementor - v3.16.0 - 20-09-2023 */
.elementor-widget-text-editor.elementor-drop-cap-view-stacked .elementor-drop-cap{background-color:#69727d;color:#fff}.elementor-widget-text-editor.elementor-drop-cap-view-framed .elementor-drop-cap{color:#69727d;border:3px solid;background-color:transparent}.elementor-widget-text-editor:not(.elementor-drop-cap-view-default) .elementor-drop-cap{margin-top:8px}.elementor-widget-text-editor:not(.elementor-drop-cap-view-default) .elementor-drop-cap-letter{width:1em;height:1em}.elementor-widget-text-editor .elementor-drop-cap{float:left;text-align:center;line-height:1;font-size:50px}.elementor-widget-text-editor .elementor-drop-cap-letter{display:inline-block}</style>				Av. Dona Anila, S/Nº (Rua da Delegacia)
Bairro Olaria – Itapecerica da Serra – SP						</div>
				</div>
				<div class="elementor-element elementor-element-bde13f6 elementor-widget elementor-widget-heading" data-id="bde13f6" data-element_type="widget" data-widget_type="heading.default">
				<div class="elementor-widget-container">
			<h2 class="elementor-heading-title elementor-size-default">Contato</h2>		</div>
				</div>
				<div class="elementor-element elementor-element-5f151fc elementor-widget elementor-widget-text-editor" data-id="5f151fc" data-element_type="widget" data-widget_type="text-editor.default">
				<div class="elementor-widget-container">
							(11) 4667-4353						</div>
				</div>
				<div class="elementor-element elementor-element-eb4bf06 elementor-widget elementor-widget-heading" data-id="eb4bf06" data-element_type="widget" data-widget_type="heading.default">
				<div class="elementor-widget-container">
			<h2 class="elementor-heading-title elementor-size-default">Rotas de Ônibus</h2>		</div>
				</div>
				<div class="elementor-element elementor-element-84c43de elementor-widget elementor-widget-text-editor" data-id="84c43de" data-element_type="widget" data-widget_type="text-editor.default">
				<div class="elementor-widget-container">
							<p><strong>001 – ITAPECERICA DA SERRA (PARQUE PARAÍSO)</strong> – Saindo do METRO CAPÃO REDONDO).</p><p><strong>032 – ITAPECERICA DA SERRA (PARQUE PARAÍSO</strong>) – Saindo do Largo da Batata (PINHEIROS), próximo do metro Faria Lima.</p>						</div>
				</div>
					</div>
				</div>
		<div class="elementor-element elementor-element-9b3b2f1 e-flex e-con-boxed e-con e-child" data-id="9b3b2f1" data-element_type="container" data-settings="{&quot;background_background&quot;:&quot;classic&quot;,&quot;content_width&quot;:&quot;boxed&quot;}">
					<div class="e-con-inner">
				<div class="elementor-element elementor-element-97f183f elementor-widget elementor-widget-heading" data-id="97f183f" data-element_type="widget" data-widget_type="heading.default">
				<div class="elementor-widget-container">
			<h2 class="elementor-heading-title elementor-size-default">Rotas de Carro</h2>		</div>
				</div>
				<div class="elementor-element elementor-element-3ed4282 elementor-widget elementor-widget-text-editor" data-id="3ed4282" data-element_type="widget" data-widget_type="text-editor.default">
				<div class="elementor-widget-container">
							<p><strong>Vindo pela Anhanguera, Bandeirantes ou Castelo Branco:</strong> Entre no Rodoanel Mário Covas, seguindo a indicação BR 116 (Regis Bittencourt) / Itapecerica da Serra.</p><p><strong>Vindo pela Imigrantes / Anchieta:</strong> Entre no Rodoanel Mário Covas, seguindo a indicação BR 116 (Regis Bittencourt) / Itapecerica da Serra.</p>						</div>
				</div>
				<div class="elementor-element elementor-element-9ca6160 elementor-widget elementor-widget-text-editor" data-id="9ca6160" data-element_type="widget" data-widget_type="text-editor.default">
				<div class="elementor-widget-container">
							<p><strong>Vindo por Santo Amaro:</strong> Avenida João Dias, continuando pela Estrada Itapecerica/Santo Amaro.</p><p><strong>Vindo por Pinheiros:</strong> Avenida Rebouças, continuando pela Av. Francisco Morato e entrando na BR 116 (Regis Bittencourt) seguindo a indicação Itapecerica da Serra.</p>						</div>
				</div>
					</div>
				</div>
				</div>
		<div class="elementor-element elementor-element-a0de22f e-con-full e-flex e-con e-child" data-id="a0de22f" data-element_type="container" data-settings="{&quot;content_width&quot;:&quot;full&quot;}">
				<div class="elementor-element elementor-element-304831e elementor-widget elementor-widget-google_maps" data-id="304831e" data-element_type="widget" data-widget_type="google_maps.default">
				<div class="elementor-widget-container">
			<style>/*! elementor - v3.16.0 - 20-09-2023 */
.elementor-widget-google_maps .elementor-widget-container{overflow:hidden}.elementor-widget-google_maps .elementor-custom-embed{line-height:0}.elementor-widget-google_maps iframe{height:300px}</style>		<div class="elementor-custom-embed">
			<iframe loading="lazy"
					src="https://maps.google.com/maps?q=Centro%20Educacional%20Poliesportivo%20Av%20Dona%20Anila&#038;t=m&#038;z=18&#038;output=embed&#038;iwloc=near"
					title="Centro Educacional Poliesportivo Av Dona Anila"
					aria-label="Centro Educacional Poliesportivo Av Dona Anila"
			></iframe>
		</div>
				</div>
				</div>
				</div>
					</div>
				</div>
							</div>

<p>Como Chegar Endereço Av. Dona Anila, S/Nº (Rua da Delegacia) Bairro Olaria – Itapecerica da Serra – SP Contato (11) 4667-4353 Rotas de Ônibus 001 – ITAPECERICA DA SERRA (PARQUE PARAÍSO) – Saindo do METRO CAPÃO REDONDO). 032 – ITAPECERICA DA SERRA (PARQUE PARAÍSO) – Saindo do Largo da Batata (PINHEIROS), próximo do metro Faria [&hellip;]</p>
